{"id":201,"date":"2007-05-28T22:27:59","date_gmt":"2007-05-28T22:27:59","guid":{"rendered":"https:\/\/lyonelkaufmann.ch\/histoire\/bibliographie-histoire\/carnets-de-liens\/"},"modified":"2007-05-28T22:27:59","modified_gmt":"2007-05-28T22:27:59","slug":"carnets-de-liens","status":"publish","type":"page","link":"https:\/\/lyonelkaufmann.ch\/histoire\/bibliographie-histoire\/carnets-de-liens\/","title":{"rendered":"Carnet de liens"},"content":{"rendered":"<p><script language=\"javascript\" src=\"http:\/\/pinboard.in\/badge?user=lyonelk&#038;num=60&#038;color=040069998999-040069993000&#038;size=12-30\"><\/script><\/p>\n<h3>Mes 40 derniers liens avec le mot-cl\u00e9 \u00abhistoire\u00bb sur <a href=\"https:\/\/pinboard.in\/u:lyonelk\/t:Histoire\/\" target=\"_blank\">pinboard<\/a><\/h3>\n<p><script language=\"javascript\" src=\"http:\/\/pinboard.in\/\/widgets\/v1\/linkroll\/?user=lyonelk&#038;count=40&#038;tag=histoire\"><\/script><\/p>\n","protected":false},"excerpt":{"rendered":"<p>Mes 40 derniers liens avec le mot-cl\u00e9 \u00abhistoire\u00bb sur pinboard<\/p>\n","protected":false},"author":1,"featured_media":0,"parent":72,"menu_order":0,"comment_status":"open","ping_status":"closed","template":"","meta":{"_import_markdown_pro_load_document_selector":0,"_import_markdown_pro_submit_text_textarea":"","_genesis_hide_title":false,"_genesis_hide_breadcrumbs":false,"_genesis_hide_singular_image":false,"_genesis_hide_footer_widgets":false,"_genesis_custom_body_class":"","_genesis_custom_post_class":"","_genesis_layout":"","jetpack_post_was_ever_published":false,"footnotes":""},"class_list":{"0":"post-201","1":"page","2":"type-page","3":"status-publish","5":"entry"},"featured_image_src":null,"featured_image_src_square":null,"jetpack_sharing_enabled":true,"jetpack_shortlink":"https:\/\/wp.me\/P1rJVM-3f","jetpack_likes_enabled":true,"jetpack-related-posts":[{"id":55,"url":"https:\/\/lyonelkaufmann.ch\/histoire\/medias-technologies\/","url_meta":{"origin":201,"position":0},"title":"M\u00e9dias&amp;TIC","author":"Lyonel Kaufmann","date":"9 avril 2006","format":false,"excerpt":"Histoire et int\u00e9gration des m\u00e9dias et technologies dans l'enseignement Il s'agit ici de - r\u00e9flexions et d'outils concernant l'emploi et l'int\u00e9gration des m\u00e9dias et des technologies (m\u00e9diaTICE) dans l'enseignement de l'histoire; - r\u00e9flexions et d'outils concernant\u00a0l'emploi des m\u00e9dias et technologies (m\u00e9diaTICE) dans l'enseignement tout court; - de propositions d'activit\u00e9s relatives\u2026","rel":"","context":"Article similaire","block_context":{"text":"Article similaire","link":""},"img":{"alt_text":"","src":"","width":0,"height":0},"classes":[]},{"id":72,"url":"https:\/\/lyonelkaufmann.ch\/histoire\/bibliographie-histoire\/","url_meta":{"origin":201,"position":1},"title":"R\u00e9f\u00e9rences","author":"Lyonel Kaufmann","date":"16 avril 2006","format":false,"excerpt":"Carnets de liens Bibliographie histoire, enseignement Les ouvrages pr\u00e9sent\u00e9s compl\u00e8tent les r\u00e9f\u00e9rences bibliographiques des diff\u00e9rents cours et s\u00e9minaires ainsi que les ouvrages pr\u00e9sent\u00e9s dans le support de cours : - Histoire savante : Antiquit\u00e9 -> 20e si\u00e8cle : r\u00e9f\u00e9rences, r\u00e9sum\u00e9s, bibliographies en rapport avec des sujets 5e \u00e0 9e ann\u00e9e\u2026","rel":"","context":"Article similaire","block_context":{"text":"Article similaire","link":""},"img":{"alt_text":"","src":"","width":0,"height":0},"classes":[]},{"id":13819,"url":"https:\/\/lyonelkaufmann.ch\/histoire\/mes-cours\/bp22shs-dispositifs-didactiques-en-sciences-sociales\/","url_meta":{"origin":201,"position":2},"title":"BP22SHS &#8211; Dispositifs didactiques en sciences sociales","author":"Lyonel Kaufmann","date":"16 f\u00e9vrier 2018","format":false,"excerpt":"Ann\u00e9e acad\u00e9mique 2018-2019 - Semestre de printemps Calendrier des s\u00e9ances : Groupes 9, 10, 13 et 16\u00a0: les lundis 18 et 25 f\u00e9vrier, 4 et 11 mars 2019 Groupes 8 et 12\u00a0: les lundis 18 et 25 mars, 1eret 8 avril 2019 Groupes 7, 11, 14 et 15\u00a0: les lundis\u2026","rel":"","context":"Article similaire","block_context":{"text":"Article similaire","link":""},"img":{"alt_text":"","src":"https:\/\/i0.wp.com\/img.youtube.com\/vi\/rGW17rtGyEo\/0.jpg?resize=350%2C200","width":350,"height":200},"classes":[]},{"id":3773,"url":"https:\/\/lyonelkaufmann.ch\/histoire\/medias-technologies\/organiser-sa-veille-a-laide-des-tice\/","url_meta":{"origin":201,"position":3},"title":"Organiser sa veille \u00e0 l&#039;aide des Tice","author":"Lyonel Kaufmann","date":"28 mai 2011","format":false,"excerpt":"Objectifs: Comment veiller? Comment faire pour que l'information vienne directement \u00e0 moi? Quels sont les possibilit\u00e9s d'\u00e9changes et de mise en r\u00e9seau? Il \u00e9tait une fois\u2026 Les signets dans son navigateur web. Pour une br\u00e8ve webographie (tacite.ch). A cette liste, j'ajoute un portail r\u00e9cent d\u00e9di\u00e9 sp\u00e9cifiquement aux sciences historiques en\u2026","rel":"","context":"Article similaire","block_context":{"text":"Article similaire","link":""},"img":{"alt_text":"","src":"","width":0,"height":0},"classes":[]},{"id":70,"url":"https:\/\/lyonelkaufmann.ch\/histoire\/medias-technologies\/wiki\/","url_meta":{"origin":201,"position":4},"title":"Wiki | Wikipedia","author":"Lyonel Kaufmann","date":"14 avril 2006","format":false,"excerpt":"Wiki des classes d'histoire. Pr\u00e9sentation : Les classes 8A et 8B travaillent pr\u00e9sentement sur un projet d\u2019histoire sur diff\u00e9rents th\u00e8mes du Moyen \u00c2ge. Suite \u00e0 leurs travaux \u00e9crits et pr\u00e9sentation en salle de classe, chaque groupe va placer un r\u00e9sum\u00e9 de son travail, ainsi que la pr\u00e9sentation fait en salle\u2026","rel":"","context":"Article similaire","block_context":{"text":"Article similaire","link":""},"img":{"alt_text":"","src":"https:\/\/i0.wp.com\/lyonelkaufmann.ch\/histoire\/wp-content\/uploads\/2006\/04\/Welcome2WP_French_WEB.pdf.jpg?fit=778%2C1104&ssl=1&resize=350%2C200","width":350,"height":200,"srcset":"https:\/\/i0.wp.com\/lyonelkaufmann.ch\/histoire\/wp-content\/uploads\/2006\/04\/Welcome2WP_French_WEB.pdf.jpg?fit=778%2C1104&ssl=1&resize=350%2C200 1x, https:\/\/i0.wp.com\/lyonelkaufmann.ch\/histoire\/wp-content\/uploads\/2006\/04\/Welcome2WP_French_WEB.pdf.jpg?fit=778%2C1104&ssl=1&resize=525%2C300 1.5x, https:\/\/i0.wp.com\/lyonelkaufmann.ch\/histoire\/wp-content\/uploads\/2006\/04\/Welcome2WP_French_WEB.pdf.jpg?fit=778%2C1104&ssl=1&resize=700%2C400 2x"},"classes":[]},{"id":12008,"url":"https:\/\/lyonelkaufmann.ch\/histoire\/mes-cours\/bp13shs-enseigner-lhistoire-au-cycle-2\/","url_meta":{"origin":201,"position":5},"title":"BPSHS13 &#8211; Enseigner l&rsquo;histoire au cycle 2","author":"Lyonel Kaufmann","date":"21 septembre 2016","format":false,"excerpt":"Ann\u00e9e acad\u00e9mique 2020-2021 Objectifs du s\u00e9minaire Percevoir les composantes d\u2019une le\u00e7on d\u2019histoire\u00a0:\u00a0\u00ab\u00a0qu\u2019est ce qui fait une bonne le\u00e7on d\u2019histoire?\u00a0\u00bb A l\u2019appui des MER, aborder les objectifs du PER et comprendre le changement de paradigme Approcher le mat\u00e9riel scolaire et extra scolaire \u00e0 disposition\u00a0: utilit\u00e9 et pertinence. Travailler \u00e0 des pistes\u2026","rel":"","context":"Article similaire","block_context":{"text":"Article similaire","link":""},"img":{"alt_text":"","src":"https:\/\/i0.wp.com\/lyonelkaufmann.ch\/histoire\/wp-content\/uploads\/2020\/09\/Capture-decran-2020-09-11-a-14.03.59-700x451.png?resize=350%2C200&ssl=1","width":350,"height":200,"srcset":"https:\/\/i0.wp.com\/lyonelkaufmann.ch\/histoire\/wp-content\/uploads\/2020\/09\/Capture-decran-2020-09-11-a-14.03.59-700x451.png?resize=350%2C200&ssl=1 1x, https:\/\/i0.wp.com\/lyonelkaufmann.ch\/histoire\/wp-content\/uploads\/2020\/09\/Capture-decran-2020-09-11-a-14.03.59-700x451.png?resize=525%2C300&ssl=1 1.5x, https:\/\/i0.wp.com\/lyonelkaufmann.ch\/histoire\/wp-content\/uploads\/2020\/09\/Capture-decran-2020-09-11-a-14.03.59-700x451.png?resize=700%2C400&ssl=1 2x"},"classes":[]}],"_links":{"self":[{"href":"https:\/\/lyonelkaufmann.ch\/histoire\/wp-json\/wp\/v2\/pages\/201","targetHints":{"allow":["GET"]}}],"collection":[{"href":"https:\/\/lyonelkaufmann.ch\/histoire\/wp-json\/wp\/v2\/pages"}],"about":[{"href":"https:\/\/lyonelkaufmann.ch\/histoire\/wp-json\/wp\/v2\/types\/page"}],"author":[{"embeddable":true,"href":"https:\/\/lyonelkaufmann.ch\/histoire\/wp-json\/wp\/v2\/users\/1"}],"replies":[{"embeddable":true,"href":"https:\/\/lyonelkaufmann.ch\/histoire\/wp-json\/wp\/v2\/comments?post=201"}],"version-history":[{"count":0,"href":"https:\/\/lyonelkaufmann.ch\/histoire\/wp-json\/wp\/v2\/pages\/201\/revisions"}],"up":[{"embeddable":true,"href":"https:\/\/lyonelkaufmann.ch\/histoire\/wp-json\/wp\/v2\/pages\/72"}],"wp:attachment":[{"href":"https:\/\/lyonelkaufmann.ch\/histoire\/wp-json\/wp\/v2\/media?parent=201"}],"curies":[{"name":"wp","href":"https:\/\/api.w.org\/{rel}","templated":true}]}}