{"id":351,"date":"2008-09-07T09:57:22","date_gmt":"2008-09-07T09:57:22","guid":{"rendered":"https:\/\/lyonelkaufmann.ch\/histoire\/?page_id=351"},"modified":"2016-09-21T16:14:28","modified_gmt":"2016-09-21T15:14:28","slug":"mes-cours","status":"publish","type":"page","link":"https:\/\/lyonelkaufmann.ch\/histoire\/mes-cours\/","title":{"rendered":"Cours"},"content":{"rendered":"<p>Cette section regroupe les diff\u00e9rentes pages se rapportant aux cours que je dispense (ou que j&rsquo;ai dispens\u00e9s) \u00e0 la HEP-VD \u00e0 Lausanne, relativement \u00e0 l&rsquo;enseignement de l&rsquo;histoire.<\/p>\n<p>Pour l&rsquo;ann\u00e9e acad\u00e9mique 2016-2017, j&rsquo;interviendrai dans les cours suivants<\/p>\n<ol>\n<li><a href=\"https:\/\/lyonelkaufmann.ch\/histoire\/mes-cours\/mshis31-didactique-de-lhistoire\/\" target=\"_blank\">MSHIS31 &#8211; Didactique de l&rsquo;histoire I<\/a> (automne 2016)<\/li>\n<li><a href=\"https:\/\/lyonelkaufmann.ch\/histoire\/mes-cours\/mshis11\/\" target=\"_blank\">MSHIS11 &#8211; Didactique de l\u2019histoire II<\/a> (les documents du\u00a0printemps 2011)<\/li>\n<li><a href=\"https:\/\/wp.me\/P1rJVM-37G\" target=\"_blank\">S\u00e9minaire BP13\/21\/22 &#8211; Enseigner l&rsquo;histoire au cycle 2<\/a> (automne 2016 et printemps 2017)<\/li>\n<li><a href=\"https:\/\/wp.me\/P1rJVM-37q\" target=\"_blank\">MSINT11-1.10 S\u00e9minaire d&rsquo;int\u00e9gration S1<\/a> (automne 2016)<\/li>\n<\/ol>\n<div>Vous trouverez \u00e9galement la page regroupant diff\u00e9rents <a href=\"https:\/\/lyonelkaufmann.ch\/histoire\/mes-cours\/support-de-cours\/\" target=\"_blank\">supports de cours.<\/a><\/div>\n<div>Bonne lecture et bonne ann\u00e9e.<\/div>\n","protected":false},"excerpt":{"rendered":"<p>Cette section regroupe les diff\u00e9rentes pages se rapportant aux cours que je dispense (ou que j&rsquo;ai dispens\u00e9s) \u00e0 la HEP-VD \u00e0 Lausanne, relativement \u00e0 l&rsquo;enseignement de l&rsquo;histoire. Pour l&rsquo;ann\u00e9e acad\u00e9mique 2016-2017, j&rsquo;interviendrai dans les cours suivants MSHIS31 &#8211; Didactique de l&rsquo;histoire I (automne 2016) MSHIS11 &#8211; Didactique de l\u2019histoire II (les documents du\u00a0printemps 2011) S\u00e9minaire [&hellip;]<\/p>\n","protected":false},"author":1,"featured_media":0,"parent":0,"menu_order":0,"comment_status":"open","ping_status":"closed","template":"","meta":{"_import_markdown_pro_load_document_selector":0,"_import_markdown_pro_submit_text_textarea":"","_genesis_hide_title":false,"_genesis_hide_breadcrumbs":false,"_genesis_hide_singular_image":false,"_genesis_hide_footer_widgets":false,"_genesis_custom_body_class":"","_genesis_custom_post_class":"","_genesis_layout":"","jetpack_post_was_ever_published":false,"footnotes":""},"class_list":{"0":"post-351","1":"page","2":"type-page","3":"status-publish","5":"entry"},"featured_image_src":null,"featured_image_src_square":null,"jetpack_sharing_enabled":true,"jetpack_shortlink":"https:\/\/wp.me\/P1rJVM-5F","jetpack_likes_enabled":true,"jetpack-related-posts":[{"id":12008,"url":"https:\/\/lyonelkaufmann.ch\/histoire\/mes-cours\/bp13shs-enseigner-lhistoire-au-cycle-2\/","url_meta":{"origin":351,"position":0},"title":"BPSHS13 &#8211; Enseigner l&rsquo;histoire au cycle 2","author":"Lyonel Kaufmann","date":"21 septembre 2016","format":false,"excerpt":"Ann\u00e9e acad\u00e9mique 2020-2021 Objectifs du s\u00e9minaire Percevoir les composantes d\u2019une le\u00e7on d\u2019histoire\u00a0:\u00a0\u00ab\u00a0qu\u2019est ce qui fait une bonne le\u00e7on d\u2019histoire?\u00a0\u00bb A l\u2019appui des MER, aborder les objectifs du PER et comprendre le changement de paradigme Approcher le mat\u00e9riel scolaire et extra scolaire \u00e0 disposition\u00a0: utilit\u00e9 et pertinence. Travailler \u00e0 des pistes\u2026","rel":"","context":"Article similaire","block_context":{"text":"Article similaire","link":""},"img":{"alt_text":"","src":"https:\/\/i0.wp.com\/lyonelkaufmann.ch\/histoire\/wp-content\/uploads\/2020\/09\/Capture-decran-2020-09-11-a-14.03.59-700x451.png?resize=350%2C200&ssl=1","width":350,"height":200,"srcset":"https:\/\/i0.wp.com\/lyonelkaufmann.ch\/histoire\/wp-content\/uploads\/2020\/09\/Capture-decran-2020-09-11-a-14.03.59-700x451.png?resize=350%2C200&ssl=1 1x, https:\/\/i0.wp.com\/lyonelkaufmann.ch\/histoire\/wp-content\/uploads\/2020\/09\/Capture-decran-2020-09-11-a-14.03.59-700x451.png?resize=525%2C300&ssl=1 1.5x, https:\/\/i0.wp.com\/lyonelkaufmann.ch\/histoire\/wp-content\/uploads\/2020\/09\/Capture-decran-2020-09-11-a-14.03.59-700x451.png?resize=700%2C400&ssl=1 2x"},"classes":[]},{"id":11992,"url":"https:\/\/lyonelkaufmann.ch\/histoire\/mes-cours\/msint11-1-10-seminaire-dintegration-s1\/","url_meta":{"origin":351,"position":1},"title":"MSINT S\u00e9minaire d&rsquo;int\u00e9gration Secondaire 1","author":"Lyonel Kaufmann","date":"20 septembre 2016","format":false,"excerpt":"Le s\u00e9minaire d\u2019int\u00e9gration a pour objectif central d\u2019accompagner l\u2019\u00e9tudiant[1] dans la construction de liens entre la th\u00e9orie et la pratique. Les apports de la didactique et des sciences de l\u2019\u00e9ducation ainsi que la prise en compte de l\u2019exp\u00e9rience et du parcours ant\u00e9rieur de l\u2019\u00e9tudiant sont mis en regard de la\u2026","rel":"","context":"Article similaire","block_context":{"text":"Article similaire","link":""},"img":{"alt_text":"","src":"https:\/\/i0.wp.com\/lyonelkaufmann.ch\/histoire\/wp-content\/uploads\/2016\/09\/RapportAuSavoir_Th%C3%A9ories.png?resize=350%2C200&ssl=1","width":350,"height":200,"srcset":"https:\/\/i0.wp.com\/lyonelkaufmann.ch\/histoire\/wp-content\/uploads\/2016\/09\/RapportAuSavoir_Th%C3%A9ories.png?resize=350%2C200&ssl=1 1x, https:\/\/i0.wp.com\/lyonelkaufmann.ch\/histoire\/wp-content\/uploads\/2016\/09\/RapportAuSavoir_Th%C3%A9ories.png?resize=525%2C300&ssl=1 1.5x, https:\/\/i0.wp.com\/lyonelkaufmann.ch\/histoire\/wp-content\/uploads\/2016\/09\/RapportAuSavoir_Th%C3%A9ories.png?resize=700%2C400&ssl=1 2x, https:\/\/i0.wp.com\/lyonelkaufmann.ch\/histoire\/wp-content\/uploads\/2016\/09\/RapportAuSavoir_Th%C3%A9ories.png?resize=1050%2C600&ssl=1 3x, https:\/\/i0.wp.com\/lyonelkaufmann.ch\/histoire\/wp-content\/uploads\/2016\/09\/RapportAuSavoir_Th%C3%A9ories.png?resize=1400%2C800&ssl=1 4x"},"classes":[]},{"id":358,"url":"https:\/\/lyonelkaufmann.ch\/histoire\/mes-cours\/mshis31-didactique-de-lhistoire\/","url_meta":{"origin":351,"position":2},"title":"MSHIS31 &#8211; Didactique de l&rsquo;histoire I","author":"Lyonel Kaufmann","date":"7 septembre 2008","format":false,"excerpt":"S\u00e9minaire S1 - ann\u00e9e 2018-2019 Pour les conditions cadres et les \u00e9l\u00e9ments du cours 2017, je vous laisse le soin de consulter la plate forme eleaning (Moodle) de la HEP Vaud :\u00a0http:\/\/elearning.hepl.ch\/course\/view.php?id=75 La grille d'\u00e9valuation :\u00a0Evaluation MSHIS 31 2017 Liste des s\u00e9ances et th\u00e9matiques abord\u00e9es en s\u00e9minaire S1: 2.10.2018 :\u2026","rel":"","context":"Article similaire","block_context":{"text":"Article similaire","link":""},"img":{"alt_text":"cours_tenochtitlan","src":"https:\/\/i0.wp.com\/lyonelkaufmann.ch\/histoire\/wp-content\/uploads\/2008\/09\/Cours_Tenochtitlan-700x307.png?resize=350%2C200&ssl=1","width":350,"height":200,"srcset":"https:\/\/i0.wp.com\/lyonelkaufmann.ch\/histoire\/wp-content\/uploads\/2008\/09\/Cours_Tenochtitlan-700x307.png?resize=350%2C200&ssl=1 1x, https:\/\/i0.wp.com\/lyonelkaufmann.ch\/histoire\/wp-content\/uploads\/2008\/09\/Cours_Tenochtitlan-700x307.png?resize=525%2C300&ssl=1 1.5x, https:\/\/i0.wp.com\/lyonelkaufmann.ch\/histoire\/wp-content\/uploads\/2008\/09\/Cours_Tenochtitlan-700x307.png?resize=700%2C400&ssl=1 2x"},"classes":[]},{"id":13321,"url":"https:\/\/lyonelkaufmann.ch\/histoire\/mes-cours\/mssh35-2-ludovia-ch\/","url_meta":{"origin":351,"position":3},"title":"MSSH35\u20132 &#8211; Nom de code : Ludovia.ch","author":"Lyonel Kaufmann","date":"21 septembre 2017","format":false,"excerpt":"Pr\u00e9sentation du module Du 27 au 29 mars 2018, la HEP Vaud organisera, avec une commune vaudoise et d\u2019autres partenaires, la premi\u00e8re universit\u00e9 de printemps consacr\u00e9e dans le canton de Vaud et en Suisse romande au num\u00e9rique, aux nouveaux m\u00e9dias et \u00e0 leur impact dans l\u2019enseignement. Elle r\u00e9unira les actrices\u2026","rel":"","context":"Article similaire","block_context":{"text":"Article similaire","link":""},"img":{"alt_text":"","src":"","width":0,"height":0},"classes":[]},{"id":131,"url":"https:\/\/lyonelkaufmann.ch\/histoire\/transposer-planifier-evaluer\/","url_meta":{"origin":351,"position":4},"title":"Planifier","author":"Lyonel Kaufmann","date":"22 octobre 2006","format":false,"excerpt":"Cette page regroupe du mat\u00e9riel \u00e9labor\u00e9 \u00e0 l'intention des \u00e9tudiant-e-s et concernant des anciens modules ou plan de cours. Ils ne sont pas \u00e0 proprement parler des supports de cours d'o\u00f9 leur pr\u00e9sence ici. Histoire et p\u00e9dagogie diff\u00e9renci\u00e9e Ce document avait \u00e9t\u00e9 distribu\u00e9 \u00e0 la suite d\u2019une s\u00e9ance de didactique\u2026","rel":"","context":"Article similaire","block_context":{"text":"Article similaire","link":""},"img":{"alt_text":"","src":"","width":0,"height":0},"classes":[]},{"id":72,"url":"https:\/\/lyonelkaufmann.ch\/histoire\/bibliographie-histoire\/","url_meta":{"origin":351,"position":5},"title":"R\u00e9f\u00e9rences","author":"Lyonel Kaufmann","date":"16 avril 2006","format":false,"excerpt":"Carnets de liens Bibliographie histoire, enseignement Les ouvrages pr\u00e9sent\u00e9s compl\u00e8tent les r\u00e9f\u00e9rences bibliographiques des diff\u00e9rents cours et s\u00e9minaires ainsi que les ouvrages pr\u00e9sent\u00e9s dans le support de cours : - Histoire savante : Antiquit\u00e9 -> 20e si\u00e8cle : r\u00e9f\u00e9rences, r\u00e9sum\u00e9s, bibliographies en rapport avec des sujets 5e \u00e0 9e ann\u00e9e\u2026","rel":"","context":"Article similaire","block_context":{"text":"Article similaire","link":""},"img":{"alt_text":"","src":"","width":0,"height":0},"classes":[]}],"_links":{"self":[{"href":"https:\/\/lyonelkaufmann.ch\/histoire\/wp-json\/wp\/v2\/pages\/351","targetHints":{"allow":["GET"]}}],"collection":[{"href":"https:\/\/lyonelkaufmann.ch\/histoire\/wp-json\/wp\/v2\/pages"}],"about":[{"href":"https:\/\/lyonelkaufmann.ch\/histoire\/wp-json\/wp\/v2\/types\/page"}],"author":[{"embeddable":true,"href":"https:\/\/lyonelkaufmann.ch\/histoire\/wp-json\/wp\/v2\/users\/1"}],"replies":[{"embeddable":true,"href":"https:\/\/lyonelkaufmann.ch\/histoire\/wp-json\/wp\/v2\/comments?post=351"}],"version-history":[{"count":0,"href":"https:\/\/lyonelkaufmann.ch\/histoire\/wp-json\/wp\/v2\/pages\/351\/revisions"}],"wp:attachment":[{"href":"https:\/\/lyonelkaufmann.ch\/histoire\/wp-json\/wp\/v2\/media?parent=351"}],"curies":[{"name":"wp","href":"https:\/\/api.w.org\/{rel}","templated":true}]}}