{"id":54,"date":"2006-04-09T18:00:05","date_gmt":"2006-04-09T18:00:05","guid":{"rendered":"https:\/\/lyonelkaufmann.ch\/histoire\/?page_id=73"},"modified":"2006-04-09T18:00:05","modified_gmt":"2006-04-09T18:00:05","slug":"support-de-cours","status":"publish","type":"page","link":"https:\/\/lyonelkaufmann.ch\/histoire\/support-de-cours\/","title":{"rendered":"Cours (Supports)"},"content":{"rendered":"<div>\n<h3>Pr\u00e9sentation des supports de cours<\/h3>\n<p>Cette page regroupe la pr\u00e9sentation succinctes des diff\u00e9rents supports de cours consultables \u00e0 partir des liens indiqu\u00e9s dans la colonne de droites sous \u00absupports de cours\u00bb.<br \/>\nA noter que ces supports de cours appara\u00eetront dans une nouvelle fen\u00eatre et dans une autre mise en page.<br \/>\nAu fil du temps, de nouveaux supports de cours seront accessibles directement dans la barre des menus principale et ces cours conserveront la mise en page du site.<br \/>\nA suivre\u2026<\/p>\n<h3><a href=\"http:\/\/www.lyonelkaufmann.ch\/histoire\/quelleprehistoire\/\">Quelle pr\u00e9histoire ?<\/a><\/h3>\n<p>10.04.2006<\/p>\n<p>La pr\u00e9histoire est sans cesse en \u00e9volution. Chaque nouvelle d\u00e9couverte de squelette relance les discussions non seulement entre sp\u00e9cialistes, mais \u00e9galement au sein du grand public.<br \/>\nDe plus, ces deux derni\u00e8res ann\u00e9es, France 3 avec deux documentaires tr\u00e8s largement fictionnalis\u00e9s (l&rsquo;Odyss\u00e9e de l&rsquo;Esp\u00e8ce et HomoSapiens) a atteint des taux d&rsquo;audience d\u00e9passant la moyenne.<br \/>\nPour sa part, le classeur 4P commence \u00e0 dater et offre un enseignement tr\u00e8s behavioriste, bas\u00e9 essentiellement sur la restitution de connaissances.<br \/>\nEnfin, la pr\u00e9histoire reste largement fond\u00e9e sur des clich\u00e9s fort tenaces.<\/p>\n<p>Le pr\u00e9sent cours vous propose de la parcourir sous les diff\u00e9rents aspects qui vous concernent dans votre acte professionnel d\u2019enseignant.<\/p>\n<p>Une de vos premi\u00e8res t\u00e2ches en pr\u00e9parant votre enseignement consiste \u00e0 prendre connaissance de l\u2019\u00e9tat actuel de la recherche dans le domaine concern\u00e9.<br \/>\nVous trouverez donc, en suivant le lien ci-dessous, des r\u00e9f\u00e9rences les plus r\u00e9centes possibles relativement \u00e0 des travaux et r\u00e9flexions consacr\u00e9es \u00e0 des sujets fr\u00e9quemment travaill\u00e9s dans l\u2019enseignement vaudois.<br \/>\nPar ailleurs, vous trouverez \u00e9galement des outils g\u00e9n\u00e9raux vous permettant de vous tenir informer de l\u2019\u00e9tat actuel des recherches et de la r\u00e9flexion historique.<\/p>\n<h3><a href=\"https:\/\/lyonelkaufmann.ch\/histoire\/historiographie_sujets\/index.html\">Histoire savante : Antiquit\u00e9 -&gt; 20e si\u00e8cle<\/a><\/h3>\n<p>20.03.2006<\/p>\n<p>Une de vos premi\u00e8res t\u00e2ches en pr\u00e9parant votre enseignement consiste \u00e0 prendre connaissance de l\u2019\u00e9tat actuel de la recherche dans le domaine concern\u00e9.<br \/>\nVous trouverez donc, en suivant le lien ci-dessous, des r\u00e9f\u00e9rences les plus r\u00e9centes possibles relativement \u00e0 des travaux et r\u00e9flexions consacr\u00e9es \u00e0 des sujets fr\u00e9quemment travaill\u00e9s dans l\u2019enseignement vaudois.<br \/>\nPar ailleurs, vous trouverez \u00e9galement des outils g\u00e9n\u00e9raux vous permettant de vous tenir informer de l\u2019\u00e9tat actuel des recherches et de la r\u00e9flexion historique.<\/p>\n<p>Dans la mesure o\u00f9 ces travaux sont r\u00e9cents, ils proposent des probl\u00e9matiques utiles \u00e0 transposer dans votre enseignement et vous permettant de sortir de l\u2019histoire r\u00e9cit traditionnelle.<\/p>\n<p>Bonne lecture<\/p>\n<h3><a href=\"https:\/\/lyonelkaufmann.ch\/histoire\/construire_temps\/\">Construire le temps<\/a><\/h3>\n<p>28.12.2006<br \/>\n<strong>1. Le temps des psychologues de l\u2019enfance<\/strong><br \/>\n1.1. La premi\u00e8re enfance<br \/>\n1.2. Les stades de d\u00e9veloppement de l\u2019enfant selon Piaget<\/p>\n<p><strong>2. Construire le temps<\/strong><br \/>\n2.1. Construire le temps&#8230; avec les \u00e9l\u00e8ves du primaire<br \/>\n2.2. Les historiens et le temps &#8211; Partie I : Les conceptions<br \/>\n2.3. Les historiens et le temps &#8211; Partie II : et avec les \u00e9l\u00e8ves du secondaire ?<\/p>\n<p><strong>3. Bibliographie et D\u00e9finitions<\/strong><br \/>\n3.1. R\u00e9f\u00e9rences bibliographiques<br \/>\n3.2. D\u00e9finitions<\/p>\n<h3><a href=\"https:\/\/lyonelkaufmann.ch\/histoire\/m159_manuel_histoire\/\">Manuel d\u2019accompagnement CYP-CYT<\/a><\/h3>\n<p>7.03.2006<\/p>\n<p>Support de cours du module M159, devenu par la suite le BP315 : Histoire en situation d&rsquo;enseignement du CYP au CYT. Ce manuel d&rsquo;accompagnement \u00e9tait plus particuli\u00e8rement destin\u00e9 aux \u00e9tudiants g\u00e9n\u00e9ralistes. Cependant, il convient \u00e9galement aux enseignants de 5e-6e ann\u00e9es (Antiquit\u00e9 et Moyen-Age).<\/p>\n<h3><a href=\"http:\/\/www.lyonelkaufmann.ch\/histoire\/pedagogie_projet\/index.html\">Interdisciplinarit\u00e9 et p\u00e9dagogie de projet<\/a><\/h3>\n<p>7.03.2006<\/p>\n<p>Support de cours \u00e0 la suite de l&rsquo;Atelier de Formation \u00e0 l\u2019enseignement interdisciplinaire &#8211; Bejune 21.04.2005.<br \/>\nIl est plus particuli\u00e8rement destin\u00e9 aux enseignants de la fin de la scolarit\u00e9 obligatoire et du secondaire sup\u00e9rieur.<\/p>\n<\/div>\n","protected":false},"excerpt":{"rendered":"<p>Pr\u00e9sentation des supports de cours Cette page regroupe la pr\u00e9sentation succinctes des diff\u00e9rents supports de cours consultables \u00e0 partir des liens indiqu\u00e9s dans la colonne de droites sous \u00absupports de cours\u00bb. A noter que ces supports de cours appara\u00eetront dans une nouvelle fen\u00eatre et dans une autre mise en page. Au fil du temps, de [&hellip;]<\/p>\n","protected":false},"author":1,"featured_media":0,"parent":0,"menu_order":2,"comment_status":"open","ping_status":"closed","template":"onecolumn-page.php","meta":{"_import_markdown_pro_load_document_selector":0,"_import_markdown_pro_submit_text_textarea":"","_genesis_hide_title":false,"_genesis_hide_breadcrumbs":false,"_genesis_hide_singular_image":false,"_genesis_hide_footer_widgets":false,"_genesis_custom_body_class":"","_genesis_custom_post_class":"","_genesis_layout":"","jetpack_post_was_ever_published":false,"footnotes":""},"class_list":{"0":"post-54","1":"page","2":"type-page","3":"status-publish","5":"entry"},"featured_image_src":null,"featured_image_src_square":null,"jetpack_sharing_enabled":true,"jetpack_shortlink":"https:\/\/wp.me\/P1rJVM-S","jetpack_likes_enabled":true,"jetpack-related-posts":[{"id":351,"url":"https:\/\/lyonelkaufmann.ch\/histoire\/mes-cours\/","url_meta":{"origin":54,"position":0},"title":"Cours","author":"Lyonel Kaufmann","date":"7 septembre 2008","format":false,"excerpt":"Cette section regroupe les diff\u00e9rentes pages se rapportant aux cours que je dispense (ou que j'ai dispens\u00e9s) \u00e0 la HEP-VD \u00e0 Lausanne, relativement \u00e0 l'enseignement de l'histoire. Pour l'ann\u00e9e acad\u00e9mique 2016-2017, j'interviendrai dans les cours suivants MSHIS31 - Didactique de l'histoire I (automne 2016) MSHIS11 - Didactique de l\u2019histoire II\u2026","rel":"","context":"Article similaire","block_context":{"text":"Article similaire","link":""},"img":{"alt_text":"","src":"","width":0,"height":0},"classes":[]},{"id":72,"url":"https:\/\/lyonelkaufmann.ch\/histoire\/bibliographie-histoire\/","url_meta":{"origin":54,"position":1},"title":"R\u00e9f\u00e9rences","author":"Lyonel Kaufmann","date":"16 avril 2006","format":false,"excerpt":"Carnets de liens Bibliographie histoire, enseignement Les ouvrages pr\u00e9sent\u00e9s compl\u00e8tent les r\u00e9f\u00e9rences bibliographiques des diff\u00e9rents cours et s\u00e9minaires ainsi que les ouvrages pr\u00e9sent\u00e9s dans le support de cours : - Histoire savante : Antiquit\u00e9 -> 20e si\u00e8cle : r\u00e9f\u00e9rences, r\u00e9sum\u00e9s, bibliographies en rapport avec des sujets 5e \u00e0 9e ann\u00e9e\u2026","rel":"","context":"Article similaire","block_context":{"text":"Article similaire","link":""},"img":{"alt_text":"","src":"","width":0,"height":0},"classes":[]},{"id":131,"url":"https:\/\/lyonelkaufmann.ch\/histoire\/transposer-planifier-evaluer\/","url_meta":{"origin":54,"position":2},"title":"Planifier","author":"Lyonel Kaufmann","date":"22 octobre 2006","format":false,"excerpt":"Cette page regroupe du mat\u00e9riel \u00e9labor\u00e9 \u00e0 l'intention des \u00e9tudiant-e-s et concernant des anciens modules ou plan de cours. Ils ne sont pas \u00e0 proprement parler des supports de cours d'o\u00f9 leur pr\u00e9sence ici. Histoire et p\u00e9dagogie diff\u00e9renci\u00e9e Ce document avait \u00e9t\u00e9 distribu\u00e9 \u00e0 la suite d\u2019une s\u00e9ance de didactique\u2026","rel":"","context":"Article similaire","block_context":{"text":"Article similaire","link":""},"img":{"alt_text":"","src":"","width":0,"height":0},"classes":[]},{"id":12008,"url":"https:\/\/lyonelkaufmann.ch\/histoire\/mes-cours\/bp13shs-enseigner-lhistoire-au-cycle-2\/","url_meta":{"origin":54,"position":3},"title":"BPSHS13 &#8211; Enseigner l&rsquo;histoire au cycle 2","author":"Lyonel Kaufmann","date":"21 septembre 2016","format":false,"excerpt":"Ann\u00e9e acad\u00e9mique 2020-2021 Objectifs du s\u00e9minaire Percevoir les composantes d\u2019une le\u00e7on d\u2019histoire\u00a0:\u00a0\u00ab\u00a0qu\u2019est ce qui fait une bonne le\u00e7on d\u2019histoire?\u00a0\u00bb A l\u2019appui des MER, aborder les objectifs du PER et comprendre le changement de paradigme Approcher le mat\u00e9riel scolaire et extra scolaire \u00e0 disposition\u00a0: utilit\u00e9 et pertinence. Travailler \u00e0 des pistes\u2026","rel":"","context":"Article similaire","block_context":{"text":"Article similaire","link":""},"img":{"alt_text":"","src":"https:\/\/i0.wp.com\/lyonelkaufmann.ch\/histoire\/wp-content\/uploads\/2020\/09\/Capture-decran-2020-09-11-a-14.03.59-700x451.png?resize=350%2C200&ssl=1","width":350,"height":200,"srcset":"https:\/\/i0.wp.com\/lyonelkaufmann.ch\/histoire\/wp-content\/uploads\/2020\/09\/Capture-decran-2020-09-11-a-14.03.59-700x451.png?resize=350%2C200&ssl=1 1x, https:\/\/i0.wp.com\/lyonelkaufmann.ch\/histoire\/wp-content\/uploads\/2020\/09\/Capture-decran-2020-09-11-a-14.03.59-700x451.png?resize=525%2C300&ssl=1 1.5x, https:\/\/i0.wp.com\/lyonelkaufmann.ch\/histoire\/wp-content\/uploads\/2020\/09\/Capture-decran-2020-09-11-a-14.03.59-700x451.png?resize=700%2C400&ssl=1 2x"},"classes":[]},{"id":13819,"url":"https:\/\/lyonelkaufmann.ch\/histoire\/mes-cours\/bp22shs-dispositifs-didactiques-en-sciences-sociales\/","url_meta":{"origin":54,"position":4},"title":"BP22SHS &#8211; Dispositifs didactiques en sciences sociales","author":"Lyonel Kaufmann","date":"16 f\u00e9vrier 2018","format":false,"excerpt":"Ann\u00e9e acad\u00e9mique 2018-2019 - Semestre de printemps Calendrier des s\u00e9ances : Groupes 9, 10, 13 et 16\u00a0: les lundis 18 et 25 f\u00e9vrier, 4 et 11 mars 2019 Groupes 8 et 12\u00a0: les lundis 18 et 25 mars, 1eret 8 avril 2019 Groupes 7, 11, 14 et 15\u00a0: les lundis\u2026","rel":"","context":"Article similaire","block_context":{"text":"Article similaire","link":""},"img":{"alt_text":"","src":"https:\/\/i0.wp.com\/img.youtube.com\/vi\/rGW17rtGyEo\/0.jpg?resize=350%2C200","width":350,"height":200},"classes":[]},{"id":13321,"url":"https:\/\/lyonelkaufmann.ch\/histoire\/mes-cours\/mssh35-2-ludovia-ch\/","url_meta":{"origin":54,"position":5},"title":"MSSH35\u20132 &#8211; Nom de code : Ludovia.ch","author":"Lyonel Kaufmann","date":"21 septembre 2017","format":false,"excerpt":"Pr\u00e9sentation du module Du 27 au 29 mars 2018, la HEP Vaud organisera, avec une commune vaudoise et d\u2019autres partenaires, la premi\u00e8re universit\u00e9 de printemps consacr\u00e9e dans le canton de Vaud et en Suisse romande au num\u00e9rique, aux nouveaux m\u00e9dias et \u00e0 leur impact dans l\u2019enseignement. Elle r\u00e9unira les actrices\u2026","rel":"","context":"Article similaire","block_context":{"text":"Article similaire","link":""},"img":{"alt_text":"","src":"","width":0,"height":0},"classes":[]}],"_links":{"self":[{"href":"https:\/\/lyonelkaufmann.ch\/histoire\/wp-json\/wp\/v2\/pages\/54","targetHints":{"allow":["GET"]}}],"collection":[{"href":"https:\/\/lyonelkaufmann.ch\/histoire\/wp-json\/wp\/v2\/pages"}],"about":[{"href":"https:\/\/lyonelkaufmann.ch\/histoire\/wp-json\/wp\/v2\/types\/page"}],"author":[{"embeddable":true,"href":"https:\/\/lyonelkaufmann.ch\/histoire\/wp-json\/wp\/v2\/users\/1"}],"replies":[{"embeddable":true,"href":"https:\/\/lyonelkaufmann.ch\/histoire\/wp-json\/wp\/v2\/comments?post=54"}],"version-history":[{"count":0,"href":"https:\/\/lyonelkaufmann.ch\/histoire\/wp-json\/wp\/v2\/pages\/54\/revisions"}],"wp:attachment":[{"href":"https:\/\/lyonelkaufmann.ch\/histoire\/wp-json\/wp\/v2\/media?parent=54"}],"curies":[{"name":"wp","href":"https:\/\/api.w.org\/{rel}","templated":true}]}}