{"id":69,"date":"2006-04-14T22:10:59","date_gmt":"2006-04-14T22:10:59","guid":{"rendered":"https:\/\/lyonelkaufmann.ch\/histoire\/?page_id=99"},"modified":"2006-04-14T22:10:59","modified_gmt":"2006-04-14T22:10:59","slug":"weblogs","status":"publish","type":"page","link":"https:\/\/lyonelkaufmann.ch\/histoire\/medias-technologies\/weblogs\/","title":{"rendered":"Blogs"},"content":{"rendered":"<div><strong>BLOG ET EDUCATION<\/strong><\/p>\n<p>Le <strong><a href=\"http:\/\/www3.unileon.es\/dp\/dfm\/flenet\/BSCWprojet\/index.html\">Campus Virtuel FLE<\/a><\/strong> (Fran\u00e7ais en langue \u00e9trang\u00e8re) de l&rsquo;Universit\u00e9 de Le\u00f3n et de <strong><a href=\"http:\/\/flenet.rediris.es\/\">FLENET RedIRIS<\/a><\/strong> (Red Acad\u00e9mica y Cient\u00edfica espa\u00f1ola) propose un dossier fort int\u00e9ressant sur l&rsquo;utilisation des blogs dans le domaine p\u00e9dagogique. Leur dossier (<strong><a href=\"http:\/\/flenet.rediris.es\/blog\/carnetweb.html#enseignement\">Blogs et  Enseignement<\/a>) <\/strong>organise les blogs en 5 cat\u00e9gories que vous pourrez explorer :<br \/>\n<strong><a href=\"http:\/\/flenet.rediris.es\/blog\/actiblog1.html\">1. Le blog comme site p\u00e9dagogique<\/a><\/strong> <strong><br \/>\n<a href=\"http:\/\/flenet.rediris.es\/blog\/actiblog2.html\">2. Les blogs Audio et Vid\u00e9o<\/a><\/strong><br \/>\n<strong><a href=\"http:\/\/flenet.rediris.es\/blog\/actiblog3.html\">3. Le blog de l&rsquo;enseignant<\/a><\/strong><br \/>\n<strong><a href=\"http:\/\/flenet.rediris.es\/blog\/actiblog4.html\">4. Les blogs des \u00e9tudiants<\/a><\/strong> <strong><br \/>\n<a href=\"http:\/\/flenet.rediris.es\/blog\/actiblog5.html\">5. Le blog  de la classe<\/a><br \/>\n<\/strong><br \/>\nLe dossier offre aussi une  typologie des activit\u00e9s possibles avec un blog. Certes, il s&rsquo;agit d&rsquo;activit\u00e9s pr\u00e9vues en formation de jeunes adultes, mais certaines seront certainement adaptables pour des \u00e9l\u00e8ves plus jeunes : <strong><a href=\"http:\/\/flenet.rediris.es\/blog\/carnetweb.html#typoactiBlogs\">Types d&rsquo;activit\u00e9s dans les blogs <\/a><\/strong>. Concernant les applications p\u00e9dagogiques le dossier du Campus Virtuel FLE pourra \u00eatre compl\u00e9t\u00e9 par la lecture de <a style=\"font-weight: bold\" title=\"Blogs : quelles applications p\u00e9dagogiques ? \" href=\"http:\/\/www.francparler.org\/parcours\/blogs_applications.htm\" target=\"_blank\">Blogs : quelles applications p\u00e9dagogiques ?<\/a> du site Franc Parler ainsi que de l&rsquo;article <a style=\"font-weight: bold\" title=\"Blogues et \u00e9ducation - Tour d'horizon\" href=\"http:\/\/clic.ntic.org\/cgi-bin\/aff.pl?page=article&amp;id=1001\" target=\"_blank\">Blogues et \u00e9ducation &#8211; Tour d&rsquo;horizon<\/a> du site de Clic &#8211; Bulletin coll\u00e9gial des technologies de l&rsquo;information et des communications.<\/p>\n<p><span>Blogs d&rsquo;\u00e9coles (ou de classes):<\/span><\/p>\n<ul>\n<li> <a title=\"Last Updated: \" href=\"http:\/\/sem.unige.ch\/scai\/wp\/\">SCAI blog, Suisse<\/a><\/li>\n<li> <a title=\"Last Updated: \" href=\"http:\/\/www.ecolejjo.qc.ca\/blog\">\u00c9cole Jean-Jacques-Olier, Montr\u00e9al<\/a><\/li>\n<li> <a title=\"Last Updated: \" href=\"http:\/\/cicla71.typepad.com\/\">Coll\u00e8ge Louis Aragon<\/a><\/li>\n<li> <a title=\"Last Updated: \" href=\"http:\/\/pedagogie.collegemv.qc.ca\/modules\/news\/article.php?storyid=44\">Portail du C\u00e9gep Marie-Victorin<\/a><\/li>\n<li> <a title=\"Last Updated: \" href=\"http:\/\/www.louismoreau.info\/\">\u00c9cole Louis Moreau-France<\/a><\/li>\n<li> <a title=\"Last Updated: \" href=\"http:\/\/www.clg-camus-argenteuil.ac-versailles.fr\/index.php\">Coll\u00e8ge Albert Camus-France<\/a><\/li>\n<li> <a title=\"Last Updated: \" href=\"http:\/\/www.clg-montaigne-goussainville.ac-versailles.fr\/\">Coll\u00e8ge Montaigne-France<\/a><\/li>\n<li> <a title=\"Last Updated: \" rel=\"acquaintance\" href=\"http:\/\/college-vauthier.over-blog.com\/\">Coll\u00e8ge Vauthier-Nouvelle Cal\u00e9donie<\/a><\/li>\n<li> <a title=\"Last Updated: \" rel=\"acquaintance\" href=\"http:\/\/www.cite-scolaire-internationale.org\/\">Cit\u00e9 scolaire internationnale-France<\/a><\/li>\n<li> <a title=\"Last Updated: \" rel=\"acquaintance\" href=\"http:\/\/journal-cm1b.blogspirit.com\/\">\u00c9cole Turgot-France<\/a><\/li>\n<li> <a title=\"Last Updated: \" rel=\"acquaintance co-resident\" href=\"http:\/\/douville.cyberportfolio.ca\/5e6eyvon\/\">\u00c9cole Douville-Qu\u00e9bec<\/a><\/li>\n<li> <a title=\"Last Updated: \" rel=\"acquaintance co-resident\" href=\"http:\/\/cahm.elg.ca\/\">Centre d&rsquo;apprentissage du Haut-Madawaska- Nouveau Brunswick<\/a><\/li>\n<li> <a title=\"Last Updated: \" href=\"http:\/\/thierry.francois4.free.fr\/dotclear\/index.php\">\u00c9cole de Barst-France<\/a><\/li>\n<li> <a title=\"Last Updated: \" rel=\"acquaintance co-resident\" href=\"http:\/\/www.opossum.ca\/rochebelle\/index.html\">\u00c9cole de Rochebelle-Qu\u00e9bec<\/a><\/li>\n<li> <a title=\"Last Updated: \" rel=\"acquaintance co-resident\" href=\"http:\/\/ecoletremplin.over-blog.com\/\">\u00c9cole Le Tremplin-Nouveau Brunswick<\/a><\/li>\n<li> <a title=\"Last Updated: \" rel=\"acquaintance co-worker\" href=\"http:\/\/www.st-joseph.qc.ca\/communaute\/precurseurs.html\">Institut St-Joseph-Qu\u00e9bec<\/a><\/li>\n<li> <a title=\"www.moncarnetdeclasse.ca\" href=\"http:\/\/www.moncarnetdeclasse.ca\/blog\">Ecole St-Ambroise de la Commission Scolaire De Montr\u00e9al<\/a><\/li>\n<\/ul>\n<p><strong>BLOGS EN HISTOIRE<\/strong><br \/>\nA consulter :<br \/>\n&#8211; <strong><a href=\"http:\/\/clioweb.free.fr\/dossiers\/blogs.htm\">blogs en histoire (D. Letouzey)<\/a><\/strong><br \/>\n&#8211; <strong><a href=\"http:\/\/hgeofm.over-blog.com\/\">http:\/\/hgeofm.over-blog.com\/<\/a><\/strong> ainsi que les liens propos\u00e9s.<br \/>\n&#8211; <strong><a href=\"http:\/\/s185254037.onlinehome.fr\/\">Blog Histoire &#8211; g\u00e9o &#8211; \u00e0 l\u2019usage des \u00e9l\u00e8ves\u2026 et des int\u00e9ress\u00e9s !<\/a><\/strong><br \/>\n&#8211; <strong><a href=\"http:\/\/memoires-france-allemagne.blogspot.com\/\">http:\/\/memoires-france-allemagne.blogspot.com\/<\/a><\/strong><br \/>\n&#8211; <strong><a href=\"http:\/\/histoirehep.blogspot.com\">histoirehep.blogspot.com<\/a><\/strong><\/p>\n<p>Et pour r\u00e9aliser un tel travail que faut-il ma\u00eetriser? Quelles comp\u00e9tences techniques?<br \/>\n\u2022 une connexion \u00e0 internet<br \/>\n\u2022 un navigateur internet (Safari, Firefox, Internet Explorer, \u2026)<br \/>\n\u2022 un compte sur une plate-forme de blog (gratuite). Une autre solution consisterait \u00e0 passer par le compte \u00ab\u00a0Educa\u00a0\u00bb de votre \u00e9tablissement.<br \/>\n\u2022 cr\u00e9er aussi un compte (r\u00e9dacteur) pour les \u00e9l\u00e8ves (nom g\u00e9n\u00e9rique \u00ab\u00a0classe xy\u00a0\u00bb). Les \u00e9l\u00e8ves pourront ensuite signer leur billet avec leur pr\u00e9nom, voire leurs initiales seulement. Faire attention aux r\u00e8gles relatives \u00e0 la protection des donn\u00e9es et des mineurs.<br \/>\nPour se cr\u00e9er un compte, il faut simplement disposer d&rsquo;une adresse mail qui vous sera demand\u00e9e \u00e0 l&rsquo;inscription.<\/p>\n<p><strong>Concernant les plate-formes<\/strong>, il en existe plusieurs gratuites. Dans cet exemple, le blog est h\u00e9berg\u00e9 chez <a href=\"http:\/\/www.blogger.com\" target=\"_blank\">blogger<\/a>.<br \/>\nD&rsquo;autres possibilit\u00e9s :<br \/>\n\u2022 <a href=\"http:\/\/www.hautetfort.com\/\" target=\"_blank\">haut-et-fort<\/a><br \/>\nEn Suisse romande, on commence \u00e9galement \u00e0 trouver des plates-formes gratuites. Attention cependant \u00e0 la question de la publicit\u00e9. Nous citerons :<br \/>\n\u2022 <a href=\"http:\/\/blogs.romandie.com\/\" target=\"_blank\">Romandie blog<\/a><\/p>\n<p><strong>A retenir :<\/strong><br \/>\n\u2022 le navigateur servira \u00e0 r\u00e9diger les textes et \u00e0 ins\u00e9rer les images (il peut \u00eatre utile de travailler par couper\/coller);<br \/>\n\u2022 les billets peuvent \u00eatre revus au fur et \u00e0 mesure;<br \/>\n\u2022 les parents peuvent acc\u00e9der au travail r\u00e9alis\u00e9 par leur enfants;<br \/>\n\u2022 la possibilit\u00e9 de r\u00e9diger des commentaires soit par le prof., les parents, des \u00e9l\u00e8ves d&rsquo;une autre classe;<br \/>\n\u2022 la possibilit\u00e9 de mener un projet \u00e0 plusieurs classes : chaque classe a, par exemple, la responsabilit\u00e9 de publier un article\/billet la semaine x sur le sujet y par exemple; une autre classe de faire le travail de relecture, commentaire, approfondissement relativement au billet publi\u00e9;<br \/>\n\u2022 la possibilit\u00e9 de r\u00e9diger un billet \u00e0 plusieurs (et de classes diff\u00e9rentes);<br \/>\n\u2022 l&rsquo;histoire locale sur un sujet d&rsquo;histoire g\u00e9n\u00e9rale est une dimension int\u00e9ressante \u00e0 exploiter; de m\u00eame qu&rsquo;une histoire orale.<br \/>\nEnfin, la dur\u00e9e du blog peut \u00eatre de dur\u00e9e limit\u00e9e. Le temps de l&rsquo;activit\u00e9 \u00e0 r\u00e9aliser avec un temps de consultation par des tiers. J&rsquo;ai eu l&rsquo;occasion de suivre la r\u00e9alisation, par une classe anglophone, d&rsquo;un blog sur un mois environ relativement aux conditions de vie des Noirs au XIXe si\u00e8cle. Le blog a accompagn\u00e9 ce travail et a servi d&rsquo;outil de publication des travaux d&rsquo;\u00e9l\u00e8ves. Par la suite, le blog a \u00e9t\u00e9 ferm\u00e9.<\/p>\n<p><strong>Pour aller plus loin\u2026 <\/strong><\/p>\n<p>1\u00b0 <strong><a href=\"http:\/\/www.maison-tic.org\/accueil\/article84.html\" target=\"_blank\">le Dossier \u00bbBlogue\u00bb<\/a><\/strong> de la M@ison des communications. [plus en ligne au 19.12.2006]<\/p>\n<p>2\u00b0 <strong><a href=\"http:\/\/clic.ntic.org\/cgi-bin\/aff.pl?page=article&amp;id=1001\" target=\"_blank\">Blogues et \u00e9ducation<\/a><\/strong> \u2013 Tour d&rsquo;horizon par Brigitte Vandal (Vitrine Technologie \u2013 \u00c9ducation)<\/p>\n<p>3\u00b0 <strong><a href=\"http:\/\/www.francparler.org\/parcours\/blogs_applications.htm\" target=\"_blank\">Blogs : quelles applications p\u00e9dagogiques ?<\/a><\/strong> par Franc-Parler<\/p>\n<p>4\u00b0 <strong><a href=\"http:\/\/www.ebullition-web.com\/cours\/?WEBLOGS_ET_ENSEIGNEMENT\" target=\"_blank\">Weblogs et enseignement<\/a><\/strong> m\u00e9moire professionnel autour de l&rsquo;utilisation d&rsquo;un blog en g\u00e9ographie avec une classe de 5e (7e ann\u00e9e pour le canton de Vaud)<\/p>\n<p>5\u00b0 <strong><a href=\"http:\/\/www.francparler.org\/articles\/dieu2005.htm\" target=\"_blank\">Les blogs, nouvel outil pour la classe<\/a><\/strong> Entretien avec Barbara Juzwiak Dieu. Barbara Juzwiak Dieu enseigne l&rsquo;anglais au lyc\u00e9e fran\u00e7ais de S\u00e3o Paulo (Br\u00e9sil) o\u00f9 elle est coordinatrice du d\u00e9partement des langues \u00e9trang\u00e8res et membre de la commission TIC.<\/p>\n<p>6\u00b0 <strong><a href=\"http:\/\/flenet.rediris.es\/blog\/carnetweb.html#biblio\">Bibliographies de FLENET RedIRIS&lt; <\/a><\/strong><\/p>\n<p>7\u00b0 <strong><a href=\"http:\/\/flenet.rediris.es\/blog\/carnetweb.html#nouvmedia\">Les blogs: un nouveau <em>m\u00e9dia<\/em><\/a><\/strong><\/p>\n<p>8\u00b0 Un recueil d&rsquo;articles sur le blog en \u00e9ducation  de l&rsquo;<strong><a style=\"font-weight: bold\" title=\"Acad\u00e9mie de Strasbourg\" href=\"http:\/\/www.ia67.ac-strasbourg.fr\/tice67-nord\/tice\/activites\/blog5.htm\" target=\"_blank\">Acad\u00e9mie de Strasbourg<\/a><\/strong><\/div>\n","protected":false},"excerpt":{"rendered":"<p>BLOG ET EDUCATION Le Campus Virtuel FLE (Fran\u00e7ais en langue \u00e9trang\u00e8re) de l&rsquo;Universit\u00e9 de Le\u00f3n et de FLENET RedIRIS (Red Acad\u00e9mica y Cient\u00edfica espa\u00f1ola) propose un dossier fort int\u00e9ressant sur l&rsquo;utilisation des blogs dans le domaine p\u00e9dagogique. Leur dossier (Blogs et Enseignement) organise les blogs en 5 cat\u00e9gories que vous pourrez explorer : 1. Le [&hellip;]<\/p>\n","protected":false},"author":1,"featured_media":0,"parent":55,"menu_order":1,"comment_status":"open","ping_status":"closed","template":"onecolumn-page.php","meta":{"_import_markdown_pro_load_document_selector":0,"_import_markdown_pro_submit_text_textarea":"","_genesis_hide_title":false,"_genesis_hide_breadcrumbs":false,"_genesis_hide_singular_image":false,"_genesis_hide_footer_widgets":false,"_genesis_custom_body_class":"","_genesis_custom_post_class":"","_genesis_layout":"","jetpack_post_was_ever_published":false,"footnotes":""},"class_list":{"0":"post-69","1":"page","2":"type-page","3":"status-publish","5":"entry"},"featured_image_src":null,"featured_image_src_square":null,"jetpack_sharing_enabled":true,"jetpack_shortlink":"https:\/\/wp.me\/P1rJVM-17","jetpack_likes_enabled":true,"jetpack-related-posts":[{"id":61,"url":"https:\/\/lyonelkaufmann.ch\/histoire\/film-histoire\/bibliographie\/","url_meta":{"origin":69,"position":0},"title":"Bibliographie cin\u00e9ma","author":"Lyonel Kaufmann","date":"11 avril 2006","format":false,"excerpt":"On consultera avec bonheur les dossiers et les fiches consacr\u00e9es aux rapports du Cin\u00e9ma et de l'Histoire et r\u00e9alis\u00e9es par le cin\u00e9-club de Caen. Vraiment incontournable. La consultation de l'index th\u00e9matique de Cin\u00e9ma et histoire de calindex.eu - le site des index de revues de cin\u00e9ma (45764 films, 44662 acteurs,\u2026","rel":"","context":"Article similaire","block_context":{"text":"Article similaire","link":""},"img":{"alt_text":"","src":"","width":0,"height":0},"classes":[]},{"id":19634,"url":"https:\/\/lyonelkaufmann.ch\/histoire\/blog\/","url_meta":{"origin":69,"position":1},"title":"Blog","author":"Lyonel Kaufmann","date":"7 octobre 2023","format":false,"excerpt":"","rel":"","context":"Article similaire","block_context":{"text":"Article similaire","link":""},"img":{"alt_text":"","src":"","width":0,"height":0},"classes":[]},{"id":19300,"url":"https:\/\/lyonelkaufmann.ch\/histoire\/accueil\/","url_meta":{"origin":69,"position":2},"title":"A propos","author":"Lyonel Kaufmann","date":"29 novembre 2022","format":false,"excerpt":"Photo by Photography Maghradze PH on Pexels.com Je m'appelle Lyonel Kaufmann et je suis actuellement professeur \u00e0 la HEP-VD \u00e0 Lausanne en Suisse. J'y suis en charge, avec d'autres coll\u00e8gues, de la Didactique de l'histoire. En premier lieu, ce site est destin\u00e9 \u00e0 mes \u00e9tudiant-e-s et ensuite \u00e0 toute personne\u2026","rel":"","context":"Article similaire","block_context":{"text":"Article similaire","link":""},"img":{"alt_text":"","src":"","width":0,"height":0},"classes":[]},{"id":4960,"url":"https:\/\/lyonelkaufmann.ch\/histoire\/articles-publications\/","url_meta":{"origin":69,"position":3},"title":"Mes\u00a0Publications","author":"Lyonel Kaufmann","date":"27 janvier 2012","format":false,"excerpt":"Lyonel Kaufmann : Liste des publications (2008-2024) | Etat au 2 juillet 2025 2024 Kaufmann, L. (2024). Enqu\u00eater en histoire \u00e0 l'\u00e8re num\u00e9rique. Dans N. Fink, S. Doussot et M.-A. Ethier (Eds.), Didactique de l'histoire et comp\u00e9tences critiques. Penser l'apprentissage de l'histoire par la notion d'enqu\u00eate (pp. 41-60). Louvain-la-Neuve, Belgique:\u2026","rel":"","context":"Article similaire","block_context":{"text":"Article similaire","link":""},"img":{"alt_text":"","src":"https:\/\/i0.wp.com\/lyonelkaufmann.ch\/histoire\/wp-content\/uploads\/2018\/04\/AD559835-4347-45F2-BEEA-75C31AC0E818.jpeg?fit=960%2C637&ssl=1&resize=350%2C200","width":350,"height":200,"srcset":"https:\/\/i0.wp.com\/lyonelkaufmann.ch\/histoire\/wp-content\/uploads\/2018\/04\/AD559835-4347-45F2-BEEA-75C31AC0E818.jpeg?fit=960%2C637&ssl=1&resize=350%2C200 1x, https:\/\/i0.wp.com\/lyonelkaufmann.ch\/histoire\/wp-content\/uploads\/2018\/04\/AD559835-4347-45F2-BEEA-75C31AC0E818.jpeg?fit=960%2C637&ssl=1&resize=525%2C300 1.5x, https:\/\/i0.wp.com\/lyonelkaufmann.ch\/histoire\/wp-content\/uploads\/2018\/04\/AD559835-4347-45F2-BEEA-75C31AC0E818.jpeg?fit=960%2C637&ssl=1&resize=700%2C400 2x"},"classes":[]},{"id":70,"url":"https:\/\/lyonelkaufmann.ch\/histoire\/medias-technologies\/wiki\/","url_meta":{"origin":69,"position":4},"title":"Wiki | Wikipedia","author":"Lyonel Kaufmann","date":"14 avril 2006","format":false,"excerpt":"Wiki des classes d'histoire. Pr\u00e9sentation : Les classes 8A et 8B travaillent pr\u00e9sentement sur un projet d\u2019histoire sur diff\u00e9rents th\u00e8mes du Moyen \u00c2ge. Suite \u00e0 leurs travaux \u00e9crits et pr\u00e9sentation en salle de classe, chaque groupe va placer un r\u00e9sum\u00e9 de son travail, ainsi que la pr\u00e9sentation fait en salle\u2026","rel":"","context":"Article similaire","block_context":{"text":"Article similaire","link":""},"img":{"alt_text":"","src":"https:\/\/i0.wp.com\/lyonelkaufmann.ch\/histoire\/wp-content\/uploads\/2006\/04\/Welcome2WP_French_WEB.pdf.jpg?fit=778%2C1104&ssl=1&resize=350%2C200","width":350,"height":200,"srcset":"https:\/\/i0.wp.com\/lyonelkaufmann.ch\/histoire\/wp-content\/uploads\/2006\/04\/Welcome2WP_French_WEB.pdf.jpg?fit=778%2C1104&ssl=1&resize=350%2C200 1x, https:\/\/i0.wp.com\/lyonelkaufmann.ch\/histoire\/wp-content\/uploads\/2006\/04\/Welcome2WP_French_WEB.pdf.jpg?fit=778%2C1104&ssl=1&resize=525%2C300 1.5x, https:\/\/i0.wp.com\/lyonelkaufmann.ch\/histoire\/wp-content\/uploads\/2006\/04\/Welcome2WP_French_WEB.pdf.jpg?fit=778%2C1104&ssl=1&resize=700%2C400 2x"},"classes":[]},{"id":55,"url":"https:\/\/lyonelkaufmann.ch\/histoire\/medias-technologies\/","url_meta":{"origin":69,"position":5},"title":"M\u00e9dias&amp;TIC","author":"Lyonel Kaufmann","date":"9 avril 2006","format":false,"excerpt":"Histoire et int\u00e9gration des m\u00e9dias et technologies dans l'enseignement Il s'agit ici de - r\u00e9flexions et d'outils concernant l'emploi et l'int\u00e9gration des m\u00e9dias et des technologies (m\u00e9diaTICE) dans l'enseignement de l'histoire; - r\u00e9flexions et d'outils concernant\u00a0l'emploi des m\u00e9dias et technologies (m\u00e9diaTICE) dans l'enseignement tout court; - de propositions d'activit\u00e9s relatives\u2026","rel":"","context":"Article similaire","block_context":{"text":"Article similaire","link":""},"img":{"alt_text":"","src":"","width":0,"height":0},"classes":[]}],"_links":{"self":[{"href":"https:\/\/lyonelkaufmann.ch\/histoire\/wp-json\/wp\/v2\/pages\/69","targetHints":{"allow":["GET"]}}],"collection":[{"href":"https:\/\/lyonelkaufmann.ch\/histoire\/wp-json\/wp\/v2\/pages"}],"about":[{"href":"https:\/\/lyonelkaufmann.ch\/histoire\/wp-json\/wp\/v2\/types\/page"}],"author":[{"embeddable":true,"href":"https:\/\/lyonelkaufmann.ch\/histoire\/wp-json\/wp\/v2\/users\/1"}],"replies":[{"embeddable":true,"href":"https:\/\/lyonelkaufmann.ch\/histoire\/wp-json\/wp\/v2\/comments?post=69"}],"version-history":[{"count":0,"href":"https:\/\/lyonelkaufmann.ch\/histoire\/wp-json\/wp\/v2\/pages\/69\/revisions"}],"up":[{"embeddable":true,"href":"https:\/\/lyonelkaufmann.ch\/histoire\/wp-json\/wp\/v2\/pages\/55"}],"wp:attachment":[{"href":"https:\/\/lyonelkaufmann.ch\/histoire\/wp-json\/wp\/v2\/media?parent=69"}],"curies":[{"name":"wp","href":"https:\/\/api.w.org\/{rel}","templated":true}]}}